{"id":4650,"date":"2021-06-09T00:58:23","date_gmt":"2021-06-08T22:58:23","guid":{"rendered":"https:\/\/test.pakpromet.com\/?page_id=4650"},"modified":"2021-10-02T21:49:30","modified_gmt":"2021-10-02T19:49:30","slug":"monopak-1500-12000-05-02-up-clean","status":"publish","type":"page","link":"https:\/\/test.pakpromet.com\/index.php\/monopak-1500-12000-05-02-up-clean\/","title":{"rendered":"MONOPAK 1500 \u2013 12000 05 02 UP clean"},"content":{"rendered":"<p>[vc_row][vc_column][vc_column_text]<\/p>\n<h1 style=\"text-align: center;\"><strong>MONOPAK 1500 \u2013 12000 05 02 UP clean<\/strong><\/h1>\n<p>[\/vc_column_text][vc_empty_space height=&#8221;50px&#8221;][\/vc_column][\/vc_row][vc_row][vc_column][vc_text_separator title=&#8221;NAMENA MA\u0160INE&#8221; title_align=&#8221;separator_align_left&#8221; border_width=&#8221;6&#8243; el_class=&#8221;bold&#8221;][vc_empty_space][vc_column_text]MONOPAK 1500 &#8211; 12000 05 02 UP clean &#8211; je automatska ma\u0161ina za pakovanje te\u010dnih proizvoda i kremova u polistirenske ili polipropilenske \u010da\u0161ice. Najmasovniju primenu ova ma\u0161ina ima na linijama za pakovanje kiselomle\u010dnih proizvoda i krem sireva, u zapreminama od 0,10 do 0,50 litara. Ma\u0161ina ja sa izmenjivim \u0161oljama, dozatorima,uzima\u010dima \u010da\u0161a i poklopaca da bi se na njoj moglo pakovati i \u010da\u0161e od 02 i 05 litara ( \u03a6 75 I \u03a6 95 ). Mo\u017ee raditi I sa jednom vrstom ambala\u017ee ali i sa vi\u0161e izmenjivih alata za dodatne ambala\u017ee<\/p>\n<p>Prelazak sa jednog pakovanja na drugo traje do 10 (deset) minuta.<\/p>\n<p>Koncepcija ma\u0161ine je takva, da se u automatskom ciklusu obavljaju sinhronizovane funkcije: uzimanje \u010da\u0161a iz \u0161ar\u017eera sa tretmanom UV lampama, doziranje sa odmeravanjem u natpritisku, uzimanje poklopaca iz \u0161ar\u017eera sa tretmanom UV lampama, zavarivanje poklopaca, ink-jet datumiranje, postavljanje usko\u010dnih poklopaca i odlaganje punih zatvorenih \u010da\u0161a na prihvatni obrtni sto.[\/vc_column_text][vc_empty_space][vc_video link=&#8221;https:\/\/youtu.be\/wERwfG1F2iw&#8221; el_width=&#8221;70&#8243; align=&#8221;center&#8221;][vc_empty_space][vc_video link=&#8221;https:\/\/youtu.be\/Dio-cKE8110&#8243; el_width=&#8221;70&#8243; align=&#8221;center&#8221;][vc_empty_space][vc_video link=&#8221;https:\/\/youtu.be\/Dio-cKE8110&#8243; el_width=&#8221;70&#8243; align=&#8221;center&#8221;][vc_empty_space][vc_video link=&#8221;https:\/\/youtu.be\/qBGxwwcwgZU&#8221; el_width=&#8221;70&#8243; align=&#8221;center&#8221;][vc_empty_space][vc_video link=&#8221;https:\/\/youtu.be\/QnK7BlDBlE8&#8243; el_width=&#8221;70&#8243; align=&#8221;center&#8221;][vc_empty_space][vc_text_separator title=&#8221;TEHNI\u010cKI OPIS&#8221; title_align=&#8221;separator_align_left&#8221; border_width=&#8221;6&#8243; el_class=&#8221;bold&#8221;][vc_empty_space][vc_column_text]Ova jednoredna ili vi\u0161eredna linijska horizontalna ma\u0161ina radi u taktnom re\u017eimu rada, i prema vrsti pogona i na\u010dinu funkcionisanja predstavlja kombinaciju mehani\u010dkih i pneumatskih mehanizama \u2013 modula. Ma\u0161inu pogoni motoreduktor, koji preko razdelnika pogona pokre\u0107e glavno vratilo ma\u0161ine, kao i kora\u010dni reduktor transportera. Na razdelnom reduktoru se nalazi lan\u010danik sa sigurnosnom \u010divijom, koji \u010duva ma\u0161inu od preoptere\u0107enja Ulogu me\u0111ufaznog povezivanja svih elemenata ciklusa ma\u0161ine vr\u0161i transporter, koji prenosi \u010da\u0161e od jednog mehanizma do drugog, sve do izbaciva\u010da \u010da\u0161a koji ih iznosi na prihvatni obrtni sto odakle ih poslu\u017eilac skuplja i zbirno pakuje Tretman \u010da\u0161a i poklopaca UV lampama kao i zona doziranja nalaze se u oklopljenom delu ma\u0161ine a u zoni natpritiska.<\/p>\n<p>Doziranje je sa protokomerima firme KROHNE is sfinkteriama firme FESTO \u0161to omogu\u0107ava punjenje i sa komadi\u0107ima vo\u0107a do 8 mm a napajanje dozatora se vr\u0161i iz posude koja se nalazi na ma\u0161ini. Pranje CIP je kompletno automatizoavano a \u010detiri obrtna ventila su sastavni deo ma\u0161ine. Postolje ma\u0161ine, za\u0161titne obloge, i ostali elementi koji dolaze u kontakt sa materijom koja se pakuje su izra\u0111eni od ner\u0111aju\u0107eg \u010delika.<\/p>\n<p>Ma\u0161ina se isporu\u010duje sa traverznom za ink-jet \u0161tampa\u010d, kao i sa mehanizmom za postavljanje usko\u010dnih PVC poklopaca.[\/vc_column_text][vc_empty_space][\/vc_column][\/vc_row][vc_row][vc_column width=&#8221;2\/3&#8243;][vc_text_separator title=&#8221;TEHNI\u010cKE KARAKTERISTIKE&#8221; i_icon_fontawesome=&#8221;fas fa-file-alt&#8221; i_color=&#8221;black&#8221; border_width=&#8221;6&#8243; css_animation=&#8221;none&#8221; add_icon=&#8221;true&#8221;][vc_column_text]<\/p>\n<p>&nbsp;<\/p>\n<table width=\"636\">\n<tbody>\n<tr>\n<td width=\"318\">&#8211; kapacitet ma\u0161ine<\/td>\n<td width=\"318\">Q = 1500 &#8211; 12000 \u010da\u0161a \/ h<\/td>\n<\/tr>\n<tr>\n<td width=\"318\">&#8211; opseg doziranja<\/td>\n<td width=\"318\">0,10 &#8211; 0,5 l<\/td>\n<\/tr>\n<tr>\n<td width=\"318\">&#8211; instalisana snaga<\/td>\n<td width=\"318\">Pi = 1,80 &#8211; 3,6 kW<\/td>\n<\/tr>\n<tr>\n<td width=\"318\">&#8211; nazivni napon<\/td>\n<td width=\"318\">3 x 380 V\u00a0 50 Hz<\/td>\n<\/tr>\n<tr>\n<td width=\"318\">&#8211; nazivni pritisak<\/td>\n<td width=\"318\">p = 6 &#8211; 8 bar<\/td>\n<\/tr>\n<tr>\n<td width=\"318\">&#8211; potro\u0161nja vazduha (na 6 bar-a)<\/td>\n<td width=\"318\">215 &#8211; 920 Nl \/ min<\/td>\n<\/tr>\n<tr>\n<td width=\"318\">&#8211; dimenzije ma\u0161ine D x \u0160 x V<\/td>\n<td width=\"318\">\u201a3200 ( 4600 ) x 1100 ( 2600 ) x 2700 mm<\/td>\n<\/tr>\n<tr>\n<td width=\"318\">&#8211; masa ma\u0161ine<\/td>\n<td width=\"318\">M = 128 &#8211; 3260 Kg<\/td>\n<\/tr>\n<tr>\n<td width=\"318\">&#8211; pre\u010dnik venca\u00a0 \u010da\u0161e za termovar<\/td>\n<td width=\"318\">D = 75 i 95 mm<\/td>\n<\/tr>\n<\/tbody>\n<\/table>\n<p>MONOPAK 1500 &#8211; 12000 05 02 UP clean[\/vc_column_text][\/vc_column][vc_column width=&#8221;1\/3&#8243;][vc_text_separator title=&#8221;TEHNI\u010cKA DOKUMENTACIJA&#8221; i_icon_fontawesome=&#8221;fas fa-file-pdf&#8221; i_color=&#8221;pink&#8221; border_width=&#8221;6&#8243; add_icon=&#8221;true&#8221;][vc_message message_box_color=&#8221;green&#8221; icon_fontawesome=&#8221;far fa-file-pdf&#8221;]<a href=\"https:\/\/test.pakpromet.com\/wp-content\/uploads\/2021\/07\/08.04.Monopak-4500-05-02-UP-clean.pdf\">Preuzmite bro\u0161uru<\/a> &#8211; Monopak 4500 05 02 UP clean[\/vc_message][vc_message message_box_color=&#8221;green&#8221; icon_fontawesome=&#8221;far fa-file-pdf&#8221;]<a href=\"https:\/\/test.pakpromet.com\/wp-content\/uploads\/2021\/07\/09.03.Monopak-6000-05-UP-clean.pdf\">Preuzmite bro\u0161uru<\/a> &#8211; Monopak 6000 05 UP clean[\/vc_message][vc_message message_box_color=&#8221;green&#8221; icon_fontawesome=&#8221;far fa-file-pdf&#8221;]<a href=\"https:\/\/test.pakpromet.com\/wp-content\/uploads\/2021\/07\/MONOPAK-3000-05-UP-clean-srb-eng-rus-Model.pdf\">Preuzmite bro\u0161uru<\/a> &#8211; Monoak 3000 05 UP clean[\/vc_message][vc_message message_box_color=&#8221;green&#8221; icon_fontawesome=&#8221;far fa-file-pdf&#8221;]<a href=\"https:\/\/test.pakpromet.com\/wp-content\/uploads\/2021\/07\/MONOPAK-6000-02-clean-srb-eng-rus-Model.pdf\">Preuzmite bro\u0161uru<\/a> &#8211; Monopak 6000 02 clean[\/vc_message][vc_message message_box_color=&#8221;green&#8221; icon_fontawesome=&#8221;far fa-file-pdf&#8221;]<a href=\"https:\/\/test.pakpromet.com\/wp-content\/uploads\/2021\/07\/MONOPAK-9000-02-clean-srb-eng-rus-Model.pdf\">Preuzmite bro\u0161uru<\/a> &#8211; Monopak 9000 02 clean[\/vc_message][\/vc_column][\/vc_row][vc_row][vc_column][vc_empty_space][vc_images_carousel images=&#8221;7070,7071,7072,7073,7074,7075,7076,7077,7078,7079,7080,7081,7082,7083,7084,7085,7086,7087&#8243; img_size=&#8221;full&#8221; speed=&#8221;2000&#8243; slides_per_view=&#8221;2&#8243; autoplay=&#8221;yes&#8221; hide_pagination_control=&#8221;yes&#8221; wrap=&#8221;yes&#8221;][\/vc_column][\/vc_row]<\/p>\n","protected":false},"excerpt":{"rendered":"<p>[vc_row][vc_column][vc_column_text] MONOPAK 1500 \u2013 12000 05 02 UP clean [\/vc_column_text][vc_empty_space height=&#8221;50px&#8221;][\/vc_column][\/vc_row][vc_row][vc_column][vc_text_separator title=&#8221;NAMENA MA\u0160INE&#8221; title_align=&#8221;separator_align_left&#8221; border_width=&#8221;6&#8243; el_class=&#8221;bold&#8221;][vc_empty_space][vc_column_text]MONOPAK 1500 &#8211; 12000 05 02 UP clean &#8211; je automatska ma\u0161ina za pakovanje te\u010dnih proizvoda i kremova u polistirenske ili polipropilenske \u010da\u0161ice. Najmasovniju primenu ova ma\u0161ina ima na linijama za pakovanje kiselomle\u010dnih proizvoda i krem sireva, u zapreminama od [&hellip;]<\/p>\n","protected":false},"author":1,"featured_media":0,"parent":0,"menu_order":0,"comment_status":"closed","ping_status":"closed","template":"","meta":{"footnotes":""},"class_list":["post-4650","page","type-page","status-publish","hentry","no-thumb"],"_links":{"self":[{"href":"https:\/\/test.pakpromet.com\/index.php\/wp-json\/wp\/v2\/pages\/4650","targetHints":{"allow":["GET"]}}],"collection":[{"href":"https:\/\/test.pakpromet.com\/index.php\/wp-json\/wp\/v2\/pages"}],"about":[{"href":"https:\/\/test.pakpromet.com\/index.php\/wp-json\/wp\/v2\/types\/page"}],"author":[{"embeddable":true,"href":"https:\/\/test.pakpromet.com\/index.php\/wp-json\/wp\/v2\/users\/1"}],"replies":[{"embeddable":true,"href":"https:\/\/test.pakpromet.com\/index.php\/wp-json\/wp\/v2\/comments?post=4650"}],"version-history":[{"count":14,"href":"https:\/\/test.pakpromet.com\/index.php\/wp-json\/wp\/v2\/pages\/4650\/revisions"}],"predecessor-version":[{"id":7088,"href":"https:\/\/test.pakpromet.com\/index.php\/wp-json\/wp\/v2\/pages\/4650\/revisions\/7088"}],"wp:attachment":[{"href":"https:\/\/test.pakpromet.com\/index.php\/wp-json\/wp\/v2\/media?parent=4650"}],"curies":[{"name":"wp","href":"https:\/\/api.w.org\/{rel}","templated":true}]}}