{"id":4268,"date":"2021-05-23T22:30:40","date_gmt":"2021-05-23T20:30:40","guid":{"rendered":"https:\/\/test.pakpromet.com\/?page_id=4268"},"modified":"2021-10-14T18:25:11","modified_gmt":"2021-10-14T16:25:11","slug":"poluautomatske-masine","status":"publish","type":"page","link":"https:\/\/test.pakpromet.com\/index.php\/poluautomatske-masine\/","title":{"rendered":"Poluautomatske ma\u0161ine"},"content":{"rendered":"<p>[vc_row][vc_column][vc_column_text]<\/p>\n<h1>Poluautomatske ma\u0161ine<\/h1>\n<p>[\/vc_column_text][vc_separator color=&#8221;blue&#8221;][vc_empty_space][\/vc_column][\/vc_row][vc_row][vc_column width=&#8221;1\/2&#8243;][vc_column_text]<\/p>\n<ul>\n<li><a href=\"https:\/\/test.pakpromet.com\/index.php\/pd-5000-mini\/\"><strong>PD 5000 mini<\/strong><\/a> &#8211; Ma\u0161ina doziranje male koli\u010dine sira u \u010deri paprike, pe\u010durke, maslinke.<\/li>\n<\/ul>\n<p>[\/vc_column_text][vc_raw_html]JTNDYSUyMGhyZWYlM0QlMjIlMjNwbGF5JTIyJTIwb25jbGljayUzRCUyMnBvcHVwWVQxJTI4JTI3UU92aG80VngzUEUlMjclMjklMjIlM0UlM0NpbWclMjBzcmMlM0QlMjJodHRwcyUzQSUyRiUyRnRlc3QucGFrcHJvbWV0LmNvbSUyRndwLWNvbnRlbnQlMkZ1cGxvYWRzJTJGMjAyMSUyRjEwJTJGdmlkZW81c2VrdW5kaS04N3gzMC0xLmpwZyUyMiUyRiUzRSUzQyUyRmElM0UlMEElMEElMjAlMjAlMjAlMjAlM0NzY3JpcHQlM0UlMEElMjAlMjAlMjAlMjBmdW5jdGlvbiUyMHBvcHVwWVQxJTI4aWQlMjklMjAlN0IlMEElMjAlMjAlMjAlMjB3aW5kb3cub3BlbiUyOCUyN2h0dHBzJTNBJTJGJTJGd3d3LnlvdXR1YmUuY29tJTJGZW1iZWQlMkZRT3ZobzRWeDNQRSUzRiUyNmF1dG9wbGF5JTNEMSUyNm11dGUlM0QxJTI2bG9vcCUzRDElMjZwbGF5bGlzdCUzRFFPdmhvNFZ4M1BFJTI3JTJDJTIwJTI3cG9wdXAlMjclMkMlMjBjb25maWclM0QlMjdoZWlnaHQlM0QzNjAlMkN3aWR0aCUzRDY0MCUyQyUyMGFsbG93JTNEJTIyYWNjZWxlcm9tZXRlciUzQiUyNyUyOSUwQSUyMCUyMCUyMCUyMCU3RCUwQSUyMCUyMCUyMCUzQyUyRnNjcmlwdCUzRSUwQSUwQQ==[\/vc_raw_html][vc_empty_space height=&#8221;10px&#8221;][vc_column_text]<\/p>\n<ul>\n<li><a href=\"https:\/\/test.pakpromet.com\/index.php\/pd-1000-mini\/\"><strong>PD 1000 mini<\/strong><\/a> &#8211; Ma\u0161ina doziranje ulja u \u010deri paprike, pe\u010durke, maslinke napunjene sirom.<\/li>\n<\/ul>\n<p>[\/vc_column_text][vc_raw_html]JTNDYSUyMGhyZWYlM0QlMjIlMjNwbGF5JTIyJTIwb25jbGljayUzRCUyMnBvcHVwWVQyJTI4JTI3RHBWLWlPbDVTSXclMjclMjklMjIlM0UlM0NpbWclMjBzcmMlM0QlMjJodHRwcyUzQSUyRiUyRnRlc3QucGFrcHJvbWV0LmNvbSUyRndwLWNvbnRlbnQlMkZ1cGxvYWRzJTJGMjAyMSUyRjEwJTJGdmlkZW81c2VrdW5kaS04N3gzMC0xLmpwZyUyMiUyRiUzRSUzQyUyRmElM0UlMEElMEElMjAlMjAlMjAlMjAlM0NzY3JpcHQlM0UlMEElMjAlMjAlMjAlMjBmdW5jdGlvbiUyMHBvcHVwWVQyJTI4aWQlMjklMjAlN0IlMEElMjAlMjAlMjAlMjB3aW5kb3cub3BlbiUyOCUyN2h0dHBzJTNBJTJGJTJGd3d3LnlvdXR1YmUuY29tJTJGZW1iZWQlMkZEcFYtaU9sNVNJdyUzRiUyNmF1dG9wbGF5JTNEMSUyNm11dGUlM0QxJTI2bG9vcCUzRDElMjZwbGF5bGlzdCUzRERwVi1pT2w1U0l3JTI3JTJDJTIwJTI3cG9wdXAlMjclMkMlMjBjb25maWclM0QlMjdoZWlnaHQlM0QzNjAlMkN3aWR0aCUzRDY0MCUyQyUyMGFsbG93JTNEJTIyYWNjZWxlcm9tZXRlciUzQiUyNyUyOSUwQSUyMCUyMCUyMCUyMCU3RCUwQSUyMCUyMCUyMCUzQyUyRnNjcmlwdCUzRSUwQSUwQQ==[\/vc_raw_html][vc_empty_space height=&#8221;10px&#8221;][vc_column_text]<\/p>\n<ul>\n<li><strong><a href=\"https:\/\/test.pakpromet.com\/index.php\/fiopak-400-vg\/\">FIOPAK 400 VG<\/a><\/strong> &#8211; Poluautomatska ma\u0161ina za napunjene posude, vakumsko pakovanje sa inertnim gasom.<\/li>\n<\/ul>\n<p>[\/vc_column_text][vc_raw_html]JTNDYSUyMGhyZWYlM0QlMjIlMjNwbGF5JTIyJTIwb25jbGljayUzRCUyMnBvcHVwWVQzJTI4JTI3N1I3a2pieGo2LWslMjclMjklMjIlM0UlM0NpbWclMjBzcmMlM0QlMjJodHRwcyUzQSUyRiUyRnRlc3QucGFrcHJvbWV0LmNvbSUyRndwLWNvbnRlbnQlMkZ1cGxvYWRzJTJGMjAyMSUyRjEwJTJGdmlkZW81c2VrdW5kaS04N3gzMC0xLmpwZyUyMiUyRiUzRSUzQyUyRmElM0UlMEElMEElMjAlMjAlMjAlMjAlM0NzY3JpcHQlM0UlMEElMjAlMjAlMjAlMjBmdW5jdGlvbiUyMHBvcHVwWVQzJTI4aWQlMjklMjAlN0IlMEElMjAlMjAlMjAlMjB3aW5kb3cub3BlbiUyOCUyN2h0dHBzJTNBJTJGJTJGd3d3LnlvdXR1YmUuY29tJTJGZW1iZWQlMkY3UjdramJ4ajYtayUzRiUyNmF1dG9wbGF5JTNEMSUyNm11dGUlM0QxJTI2bG9vcCUzRDElMjZwbGF5bGlzdCUzRDdSN2tqYnhqNi1rJTI3JTJDJTIwJTI3cG9wdXAlMjclMkMlMjBjb25maWclM0QlMjdoZWlnaHQlM0QzNjAlMkN3aWR0aCUzRDY0MCUyQyUyMGFsbG93JTNEJTIyYWNjZWxlcm9tZXRlciUzQiUyNyUyOSUwQSUyMCUyMCUyMCUyMCU3RCUwQSUyMCUyMCUyMCUzQyUyRnNjcmlwdCUzRSUwQSUwQQ==[\/vc_raw_html][vc_empty_space height=&#8221;10px&#8221;][vc_column_text]<\/p>\n<ul>\n<li><a href=\"https:\/\/test.pakpromet.com\/index.php\/dv-300\/\"><strong>DV 300<\/strong><\/a> &#8211;\u00a0 Ma\u0161ina za doziranje i pakovanje pastoznih, kremastih i te\u010dnosti u PP posude.<\/li>\n<\/ul>\n<p>[\/vc_column_text][vc_raw_html]JTNDYSUyMGhyZWYlM0QlMjIlMjNwbGF5JTIyJTIwb25jbGljayUzRCUyMnBvcHVwWVQ0JTI4JTI3elQxNXFPVTN5WEklMjclMjklMjIlM0UlM0NpbWclMjBzcmMlM0QlMjJodHRwcyUzQSUyRiUyRnRlc3QucGFrcHJvbWV0LmNvbSUyRndwLWNvbnRlbnQlMkZ1cGxvYWRzJTJGMjAyMSUyRjEwJTJGdmlkZW81c2VrdW5kaS04N3gzMC0xLmpwZyUyMiUyRiUzRSUzQyUyRmElM0UlMEElMEElMjAlMjAlMjAlMjAlM0NzY3JpcHQlM0UlMEElMjAlMjAlMjAlMjBmdW5jdGlvbiUyMHBvcHVwWVQ0JTI4aWQlMjklMjAlN0IlMEElMjAlMjAlMjAlMjB3aW5kb3cub3BlbiUyOCUyN2h0dHBzJTNBJTJGJTJGd3d3LnlvdXR1YmUuY29tJTJGZW1iZWQlMkZ6VDE1cU9VM3lYSSUzRiUyNmF1dG9wbGF5JTNEMSUyNm11dGUlM0QxJTI2bG9vcCUzRDElMjZwbGF5bGlzdCUzRHpUMTVxT1UzeVhJJTI3JTJDJTIwJTI3cG9wdXAlMjclMkMlMjBjb25maWclM0QlMjdoZWlnaHQlM0QzNjAlMkN3aWR0aCUzRDY0MCUyQyUyMGFsbG93JTNEJTIyYWNjZWxlcm9tZXRlciUzQiUyNyUyOSUwQSUyMCUyMCUyMCUyMCU3RCUwQSUyMCUyMCUyMCUzQyUyRnNjcmlwdCUzRSUwQSUwQQ==[\/vc_raw_html][vc_empty_space height=&#8221;10px&#8221;][vc_column_text]<\/p>\n<ul>\n<li><a href=\"https:\/\/test.pakpromet.com\/index.php\/z-800-t\/\"><strong>Z 800 T<\/strong><\/a> &#8211;\u00a0 Ma\u0161ina za zatvaranje termovarom napunjenih PP posude po uzorku.<\/li>\n<\/ul>\n<p>[\/vc_column_text][vc_raw_html]JTNDYSUyMGhyZWYlM0QlMjIlMjNwbGF5JTIyJTIwb25jbGljayUzRCUyMnBvcHVwWVQ1JTI4JTI3d2hsYmdBQTdSUkElMjclMjklMjIlM0UlM0NpbWclMjBzcmMlM0QlMjJodHRwcyUzQSUyRiUyRnRlc3QucGFrcHJvbWV0LmNvbSUyRndwLWNvbnRlbnQlMkZ1cGxvYWRzJTJGMjAyMSUyRjEwJTJGdmlkZW81c2VrdW5kaS04N3gzMC0xLmpwZyUyMiUyRiUzRSUzQyUyRmElM0UlMEElMEElMjAlMjAlMjAlMjAlM0NzY3JpcHQlM0UlMEElMjAlMjAlMjAlMjBmdW5jdGlvbiUyMHBvcHVwWVQ1JTI4aWQlMjklMjAlN0IlMEElMjAlMjAlMjAlMjB3aW5kb3cub3BlbiUyOCUyN2h0dHBzJTNBJTJGJTJGd3d3LnlvdXR1YmUuY29tJTJGZW1iZWQlMkZ3aGxiZ0FBN1JSQSUzRiUyNmF1dG9wbGF5JTNEMSUyNm11dGUlM0QxJTI2bG9vcCUzRDElMjZwbGF5bGlzdCUzRHdobGJnQUE3UlJBJTI3JTJDJTIwJTI3cG9wdXAlMjclMkMlMjBjb25maWclM0QlMjdoZWlnaHQlM0QzNjAlMkN3aWR0aCUzRDY0MCUyQyUyMGFsbG93JTNEJTIyYWNjZWxlcm9tZXRlciUzQiUyNyUyOSUwQSUyMCUyMCUyMCUyMCU3RCUwQSUyMCUyMCUyMCUzQyUyRnNjcmlwdCUzRSUwQSUwQQ==[\/vc_raw_html][vc_empty_space height=&#8221;10px&#8221;][vc_column_text]<\/p>\n<ul>\n<li><a href=\"https:\/\/test.pakpromet.com\/index.php\/kz-800-d\/\"><strong>KZ 800 D<\/strong><\/a> &#8211; Ma\u0161ina za punjenje I zatvaranje termovarom napunjenih \u010da\u0161a \u03a6 75 i \u03a6 95.<\/li>\n<\/ul>\n<p>[\/vc_column_text][vc_raw_html]JTNDYSUyMGhyZWYlM0QlMjIlMjNwbGF5JTIyJTIwb25jbGljayUzRCUyMnBvcHVwWVQ3JTI4JTI3QkxhOXNMWWZ0ZlklMjclMjklMjIlM0UlM0NpbWclMjBzcmMlM0QlMjJodHRwcyUzQSUyRiUyRnRlc3QucGFrcHJvbWV0LmNvbSUyRndwLWNvbnRlbnQlMkZ1cGxvYWRzJTJGMjAyMSUyRjEwJTJGdmlkZW81c2VrdW5kaS04N3gzMC0xLmpwZyUyMiUyRiUzRSUzQyUyRmElM0UlMEElMEElMjAlMjAlMjAlMjAlM0NzY3JpcHQlM0UlMEElMjAlMjAlMjAlMjBmdW5jdGlvbiUyMHBvcHVwWVQ3JTI4aWQlMjklMjAlN0IlMEElMjAlMjAlMjAlMjB3aW5kb3cub3BlbiUyOCUyN2h0dHBzJTNBJTJGJTJGd3d3LnlvdXR1YmUuY29tJTJGZW1iZWQlMkZCTGE5c0xZZnRmWSUzRiUyNmF1dG9wbGF5JTNEMSUyNm11dGUlM0QxJTI2bG9vcCUzRDElMjZwbGF5bGlzdCUzREJMYTlzTFlmdGZZJTI3JTJDJTIwJTI3cG9wdXAlMjclMkMlMjBjb25maWclM0QlMjdoZWlnaHQlM0QzNjAlMkN3aWR0aCUzRDY0MCUyQyUyMGFsbG93JTNEJTIyYWNjZWxlcm9tZXRlciUzQiUyNyUyOSUwQSUyMCUyMCUyMCUyMCU3RCUwQSUyMCUyMCUyMCUzQyUyRnNjcmlwdCUzRSUwQSUwQQ==[\/vc_raw_html][vc_empty_space height=&#8221;10px&#8221;][vc_column_text]<\/p>\n<ul>\n<li><a href=\"https:\/\/test.pakpromet.com\/index.php\/pd-kz-800-05-02-d-2\/\"><strong>PD KZ 800 05 02 D<\/strong><\/a> &#8211; Ma\u0161ina za punjenje I zatvaranje termovarom napunjenih \u010da\u0161a \u03a6 75 i \u03a6 95.<\/li>\n<\/ul>\n<p>[\/vc_column_text][vc_raw_html]JTNDYSUyMGhyZWYlM0QlMjIlMjNwbGF5JTIyJTIwb25jbGljayUzRCUyMnBvcHVwWVQ4JTI4JTI3eWFBZVBxek1wbEklMjclMjklMjIlM0UlM0NpbWclMjBzcmMlM0QlMjJodHRwcyUzQSUyRiUyRnRlc3QucGFrcHJvbWV0LmNvbSUyRndwLWNvbnRlbnQlMkZ1cGxvYWRzJTJGMjAyMSUyRjEwJTJGdmlkZW81c2VrdW5kaS04N3gzMC0xLmpwZyUyMiUyRiUzRSUzQyUyRmElM0UlMEElMEElMjAlMjAlMjAlMjAlM0NzY3JpcHQlM0UlMEElMjAlMjAlMjAlMjBmdW5jdGlvbiUyMHBvcHVwWVQ4JTI4aWQlMjklMjAlN0IlMEElMjAlMjAlMjAlMjB3aW5kb3cub3BlbiUyOCUyN2h0dHBzJTNBJTJGJTJGd3d3LnlvdXR1YmUuY29tJTJGZW1iZWQlMkZ5YUFlUHF6TXBsSSUzRiUyNmF1dG9wbGF5JTNEMSUyNm11dGUlM0QxJTI2bG9vcCUzRDElMjZwbGF5bGlzdCUzRHlhQWVQcXpNcGxJJTI3JTJDJTIwJTI3cG9wdXAlMjclMkMlMjBjb25maWclM0QlMjdoZWlnaHQlM0QzNjAlMkN3aWR0aCUzRDY0MCUyQyUyMGFsbG93JTNEJTIyYWNjZWxlcm9tZXRlciUzQiUyNyUyOSUwQSUyMCUyMCUyMCUyMCU3RCUwQSUyMCUyMCUyMCUzQyUyRnNjcmlwdCUzRSUwQSUwQQ==[\/vc_raw_html][vc_empty_space height=&#8221;10px&#8221;][vc_column_text]<\/p>\n<ul>\n<li><a href=\"https:\/\/test.pakpromet.com\/index.php\/pd-1000\/\"><strong>PD 1000<\/strong><\/a> &#8211; Ma\u0161ina za doziranje pastoznih, kremastih i te\u010dnosti u \u010da\u0161e, boce ili posude.<\/li>\n<\/ul>\n<p>[\/vc_column_text][vc_raw_html]JTNDYSUyMGhyZWYlM0QlMjIlMjNwbGF5JTIyJTIwb25jbGljayUzRCUyMnBvcHVwWVQ5JTI4JTI3c0Nkb1k1QWlQYjAlMjclMjklMjIlM0UlM0NpbWclMjBzcmMlM0QlMjJodHRwcyUzQSUyRiUyRnRlc3QucGFrcHJvbWV0LmNvbSUyRndwLWNvbnRlbnQlMkZ1cGxvYWRzJTJGMjAyMSUyRjEwJTJGdmlkZW81c2VrdW5kaS04N3gzMC0xLmpwZyUyMiUyRiUzRSUzQyUyRmElM0UlMEElMEElMjAlMjAlMjAlMjAlM0NzY3JpcHQlM0UlMEElMjAlMjAlMjAlMjBmdW5jdGlvbiUyMHBvcHVwWVQ5JTI4aWQlMjklMjAlN0IlMEElMjAlMjAlMjAlMjB3aW5kb3cub3BlbiUyOCUyN2h0dHBzJTNBJTJGJTJGd3d3LnlvdXR1YmUuY29tJTJGZW1iZWQlMkZzQ2RvWTVBaVBiMCUzRiUyNmF1dG9wbGF5JTNEMSUyNm11dGUlM0QxJTI2bG9vcCUzRDElMjZwbGF5bGlzdCUzRHNDZG9ZNUFpUGIwJTI3JTJDJTIwJTI3cG9wdXAlMjclMkMlMjBjb25maWclM0QlMjdoZWlnaHQlM0QzNjAlMkN3aWR0aCUzRDY0MCUyQyUyMGFsbG93JTNEJTIyYWNjZWxlcm9tZXRlciUzQiUyNyUyOSUwQSUyMCUyMCUyMCUyMCU3RCUwQSUyMCUyMCUyMCUzQyUyRnNjcmlwdCUzRSUwQSUwQQ==[\/vc_raw_html][vc_empty_space height=&#8221;10px&#8221;][vc_column_text]<\/p>\n<ul>\n<li><a href=\"https:\/\/test.pakpromet.com\/index.php\/pf-500\/\"><strong>PF 500<\/strong><\/a> &#8211; Poluautomatska ma\u0161ina za doziranje te\u010dnosti u PP foliju.<\/li>\n<\/ul>\n<p>[\/vc_column_text][vc_raw_html]JTNDYSUyMGhyZWYlM0QlMjIlMjNwbGF5JTIyJTIwb25jbGljayUzRCUyMnBvcHVwWVQxMCUyOCUyN01kd1Z2YzY3SkFrJTI3JTI5JTIyJTNFJTNDaW1nJTIwc3JjJTNEJTIyaHR0cHMlM0ElMkYlMkZ0ZXN0LnBha3Byb21ldC5jb20lMkZ3cC1jb250ZW50JTJGdXBsb2FkcyUyRjIwMjElMkYxMCUyRnZpZGVvNXNla3VuZGktODd4MzAtMS5qcGclMjIlMkYlM0UlM0MlMkZhJTNFJTBBJTBBJTIwJTIwJTIwJTIwJTNDc2NyaXB0JTNFJTBBJTIwJTIwJTIwJTIwZnVuY3Rpb24lMjBwb3B1cFlUMTAlMjhpZCUyOSUyMCU3QiUwQSUyMCUyMCUyMCUyMHdpbmRvdy5vcGVuJTI4JTI3aHR0cHMlM0ElMkYlMkZ3d3cueW91dHViZS5jb20lMkZlbWJlZCUyRk1kd1Z2YzY3SkFrJTNGJTI2YXV0b3BsYXklM0QxJTI2bXV0ZSUzRDElMjZsb29wJTNEMSUyNnBsYXlsaXN0JTNETWR3VnZjNjdKQWslMjclMkMlMjAlMjdwb3B1cCUyNyUyQyUyMGNvbmZpZyUzRCUyN2hlaWdodCUzRDM2MCUyQ3dpZHRoJTNENjQwJTJDJTIwYWxsb3clM0QlMjJhY2NlbGVyb21ldGVyJTNCJTI3JTI5JTBBJTIwJTIwJTIwJTIwJTdEJTBBJTIwJTIwJTIwJTNDJTJGc2NyaXB0JTNFJTBBJTBB[\/vc_raw_html][vc_empty_space height=&#8221;10px&#8221;][vc_column_text]<\/p>\n<ul>\n<li><a href=\"https:\/\/test.pakpromet.com\/index.php\/parafinka-pak-1400\/\"><strong>PAK 1400<\/strong><\/a> &#8211; Parafiniranje polutvrdih i tvrdih sireva tipa: gauda, trapist, ka\u010dkavalj.<\/li>\n<\/ul>\n<p>[\/vc_column_text][vc_raw_html]JTNDYSUyMGhyZWYlM0QlMjIlMjNwbGF5JTIyJTIwb25jbGljayUzRCUyMnBvcHVwWVQxMSUyOCUyN3gxM2tQS3A1aWhBJTI3JTI5JTIyJTNFJTNDaW1nJTIwc3JjJTNEJTIyaHR0cHMlM0ElMkYlMkZ0ZXN0LnBha3Byb21ldC5jb20lMkZ3cC1jb250ZW50JTJGdXBsb2FkcyUyRjIwMjElMkYxMCUyRnZpZGVvNXNla3VuZGktODd4MzAtMS5qcGclMjIlMkYlM0UlM0MlMkZhJTNFJTBBJTBBJTIwJTIwJTIwJTIwJTNDc2NyaXB0JTNFJTBBJTIwJTIwJTIwJTIwZnVuY3Rpb24lMjBwb3B1cFlUMTElMjhpZCUyOSUyMCU3QiUwQSUyMCUyMCUyMCUyMHdpbmRvdy5vcGVuJTI4JTI3aHR0cHMlM0ElMkYlMkZ3d3cueW91dHViZS5jb20lMkZlbWJlZCUyRngxM2tQS3A1aWhBJTNGJTI2YXV0b3BsYXklM0QxJTI2bXV0ZSUzRDElMjZsb29wJTNEMSUyNnBsYXlsaXN0JTNEeDEza1BLcDVpaEElMjclMkMlMjAlMjdwb3B1cCUyNyUyQyUyMGNvbmZpZyUzRCUyN2hlaWdodCUzRDM2MCUyQ3dpZHRoJTNENjQwJTJDJTIwYWxsb3clM0QlMjJhY2NlbGVyb21ldGVyJTNCJTI3JTI5JTBBJTIwJTIwJTIwJTIwJTdEJTBBJTIwJTIwJTIwJTNDJTJGc2NyaXB0JTNFJTBBJTBB[\/vc_raw_html][vc_empty_space height=&#8221;10px&#8221;][vc_column_text]<\/p>\n<ul>\n<li><a href=\"https:\/\/test.pakpromet.com\/index.php\/termopak-400\/\"><strong>TERMOPAK 400<\/strong><\/a> &#8211; Poluautomatska ma\u0161ina je pakovanje u tremoskupljaju\u0107u foliju.<\/li>\n<\/ul>\n<p>[\/vc_column_text][vc_raw_html]JTNDYSUyMGhyZWYlM0QlMjIlMjNwbGF5JTIyJTIwb25jbGljayUzRCUyMnBvcHVwWVQxMyUyOCUyN1RER1RjY0YxYVlrJTI3JTI5JTIyJTNFJTNDaW1nJTIwc3JjJTNEJTIyaHR0cHMlM0ElMkYlMkZ0ZXN0LnBha3Byb21ldC5jb20lMkZ3cC1jb250ZW50JTJGdXBsb2FkcyUyRjIwMjElMkYxMCUyRnZpZGVvNXNla3VuZGktODd4MzAtMS5qcGclMjIlMkYlM0UlM0MlMkZhJTNFJTBBJTBBJTIwJTIwJTIwJTIwJTNDc2NyaXB0JTNFJTBBJTIwJTIwJTIwJTIwZnVuY3Rpb24lMjBwb3B1cFlUMTMlMjhpZCUyOSUyMCU3QiUwQSUyMCUyMCUyMCUyMHdpbmRvdy5vcGVuJTI4JTI3aHR0cHMlM0ElMkYlMkZ3d3cueW91dHViZS5jb20lMkZlbWJlZCUyRlRER1RjY0YxYVlrJTNGJTI2YXV0b3BsYXklM0QxJTI2bXV0ZSUzRDElMjZsb29wJTNEMSUyNnBsYXlsaXN0JTNEVERHVGNjRjFhWWslMjclMkMlMjAlMjdwb3B1cCUyNyUyQyUyMGNvbmZpZyUzRCUyN2hlaWdodCUzRDM2MCUyQ3dpZHRoJTNENjQwJTJDJTIwYWxsb3clM0QlMjJhY2NlbGVyb21ldGVyJTNCJTI3JTI5JTBBJTIwJTIwJTIwJTIwJTdEJTBBJTIwJTIwJTIwJTNDJTJGc2NyaXB0JTNFJTBBJTBB[\/vc_raw_html][\/vc_column][vc_column width=&#8221;1\/2&#8243;][vc_video link=&#8221;https:\/\/youtu.be\/nKXUNRGSMto&#8221;][\/vc_column][\/vc_row]<\/p>\n","protected":false},"excerpt":{"rendered":"<p>[vc_row][vc_column][vc_column_text] Poluautomatske ma\u0161ine [\/vc_column_text][vc_separator color=&#8221;blue&#8221;][vc_empty_space][\/vc_column][\/vc_row][vc_row][vc_column width=&#8221;1\/2&#8243;][vc_column_text] PD 5000 mini &#8211; Ma\u0161ina doziranje male koli\u010dine sira u \u010deri paprike, pe\u010durke, maslinke. [\/vc_column_text][vc_raw_html]JTNDYSUyMGhyZWYlM0QlMjIlMjNwbGF5JTIyJTIwb25jbGljayUzRCUyMnBvcHVwWVQxJTI4JTI3UU92aG80VngzUEUlMjclMjklMjIlM0UlM0NpbWclMjBzcmMlM0QlMjJodHRwcyUzQSUyRiUyRnRlc3QucGFrcHJvbWV0LmNvbSUyRndwLWNvbnRlbnQlMkZ1cGxvYWRzJTJGMjAyMSUyRjEwJTJGdmlkZW81c2VrdW5kaS04N3gzMC0xLmpwZyUyMiUyRiUzRSUzQyUyRmElM0UlMEElMEElMjAlMjAlMjAlMjAlM0NzY3JpcHQlM0UlMEElMjAlMjAlMjAlMjBmdW5jdGlvbiUyMHBvcHVwWVQxJTI4aWQlMjklMjAlN0IlMEElMjAlMjAlMjAlMjB3aW5kb3cub3BlbiUyOCUyN2h0dHBzJTNBJTJGJTJGd3d3LnlvdXR1YmUuY29tJTJGZW1iZWQlMkZRT3ZobzRWeDNQRSUzRiUyNmF1dG9wbGF5JTNEMSUyNm11dGUlM0QxJTI2bG9vcCUzRDElMjZwbGF5bGlzdCUzRFFPdmhvNFZ4M1BFJTI3JTJDJTIwJTI3cG9wdXAlMjclMkMlMjBjb25maWclM0QlMjdoZWlnaHQlM0QzNjAlMkN3aWR0aCUzRDY0MCUyQyUyMGFsbG93JTNEJTIyYWNjZWxlcm9tZXRlciUzQiUyNyUyOSUwQSUyMCUyMCUyMCUyMCU3RCUwQSUyMCUyMCUyMCUzQyUyRnNjcmlwdCUzRSUwQSUwQQ==[\/vc_raw_html][vc_empty_space height=&#8221;10px&#8221;][vc_column_text] PD 1000 mini &#8211; Ma\u0161ina doziranje ulja u \u010deri paprike, pe\u010durke, maslinke napunjene sirom. [\/vc_column_text][vc_raw_html]JTNDYSUyMGhyZWYlM0QlMjIlMjNwbGF5JTIyJTIwb25jbGljayUzRCUyMnBvcHVwWVQyJTI4JTI3RHBWLWlPbDVTSXclMjclMjklMjIlM0UlM0NpbWclMjBzcmMlM0QlMjJodHRwcyUzQSUyRiUyRnRlc3QucGFrcHJvbWV0LmNvbSUyRndwLWNvbnRlbnQlMkZ1cGxvYWRzJTJGMjAyMSUyRjEwJTJGdmlkZW81c2VrdW5kaS04N3gzMC0xLmpwZyUyMiUyRiUzRSUzQyUyRmElM0UlMEElMEElMjAlMjAlMjAlMjAlM0NzY3JpcHQlM0UlMEElMjAlMjAlMjAlMjBmdW5jdGlvbiUyMHBvcHVwWVQyJTI4aWQlMjklMjAlN0IlMEElMjAlMjAlMjAlMjB3aW5kb3cub3BlbiUyOCUyN2h0dHBzJTNBJTJGJTJGd3d3LnlvdXR1YmUuY29tJTJGZW1iZWQlMkZEcFYtaU9sNVNJdyUzRiUyNmF1dG9wbGF5JTNEMSUyNm11dGUlM0QxJTI2bG9vcCUzRDElMjZwbGF5bGlzdCUzRERwVi1pT2w1U0l3JTI3JTJDJTIwJTI3cG9wdXAlMjclMkMlMjBjb25maWclM0QlMjdoZWlnaHQlM0QzNjAlMkN3aWR0aCUzRDY0MCUyQyUyMGFsbG93JTNEJTIyYWNjZWxlcm9tZXRlciUzQiUyNyUyOSUwQSUyMCUyMCUyMCUyMCU3RCUwQSUyMCUyMCUyMCUzQyUyRnNjcmlwdCUzRSUwQSUwQQ==[\/vc_raw_html][vc_empty_space height=&#8221;10px&#8221;][vc_column_text] FIOPAK 400 VG &#8211; Poluautomatska ma\u0161ina za napunjene posude, vakumsko pakovanje sa inertnim gasom. [\/vc_column_text][vc_raw_html]JTNDYSUyMGhyZWYlM0QlMjIlMjNwbGF5JTIyJTIwb25jbGljayUzRCUyMnBvcHVwWVQzJTI4JTI3N1I3a2pieGo2LWslMjclMjklMjIlM0UlM0NpbWclMjBzcmMlM0QlMjJodHRwcyUzQSUyRiUyRnRlc3QucGFrcHJvbWV0LmNvbSUyRndwLWNvbnRlbnQlMkZ1cGxvYWRzJTJGMjAyMSUyRjEwJTJGdmlkZW81c2VrdW5kaS04N3gzMC0xLmpwZyUyMiUyRiUzRSUzQyUyRmElM0UlMEElMEElMjAlMjAlMjAlMjAlM0NzY3JpcHQlM0UlMEElMjAlMjAlMjAlMjBmdW5jdGlvbiUyMHBvcHVwWVQzJTI4aWQlMjklMjAlN0IlMEElMjAlMjAlMjAlMjB3aW5kb3cub3BlbiUyOCUyN2h0dHBzJTNBJTJGJTJGd3d3LnlvdXR1YmUuY29tJTJGZW1iZWQlMkY3UjdramJ4ajYtayUzRiUyNmF1dG9wbGF5JTNEMSUyNm11dGUlM0QxJTI2bG9vcCUzRDElMjZwbGF5bGlzdCUzRDdSN2tqYnhqNi1rJTI3JTJDJTIwJTI3cG9wdXAlMjclMkMlMjBjb25maWclM0QlMjdoZWlnaHQlM0QzNjAlMkN3aWR0aCUzRDY0MCUyQyUyMGFsbG93JTNEJTIyYWNjZWxlcm9tZXRlciUzQiUyNyUyOSUwQSUyMCUyMCUyMCUyMCU3RCUwQSUyMCUyMCUyMCUzQyUyRnNjcmlwdCUzRSUwQSUwQQ==[\/vc_raw_html][vc_empty_space height=&#8221;10px&#8221;][vc_column_text] DV [&hellip;]<\/p>\n","protected":false},"author":1,"featured_media":0,"parent":0,"menu_order":0,"comment_status":"closed","ping_status":"closed","template":"","meta":{"footnotes":""},"class_list":["post-4268","page","type-page","status-publish","hentry","no-thumb"],"_links":{"self":[{"href":"https:\/\/test.pakpromet.com\/index.php\/wp-json\/wp\/v2\/pages\/4268","targetHints":{"allow":["GET"]}}],"collection":[{"href":"https:\/\/test.pakpromet.com\/index.php\/wp-json\/wp\/v2\/pages"}],"about":[{"href":"https:\/\/test.pakpromet.com\/index.php\/wp-json\/wp\/v2\/types\/page"}],"author":[{"embeddable":true,"href":"https:\/\/test.pakpromet.com\/index.php\/wp-json\/wp\/v2\/users\/1"}],"replies":[{"embeddable":true,"href":"https:\/\/test.pakpromet.com\/index.php\/wp-json\/wp\/v2\/comments?post=4268"}],"version-history":[{"count":41,"href":"https:\/\/test.pakpromet.com\/index.php\/wp-json\/wp\/v2\/pages\/4268\/revisions"}],"predecessor-version":[{"id":7964,"href":"https:\/\/test.pakpromet.com\/index.php\/wp-json\/wp\/v2\/pages\/4268\/revisions\/7964"}],"wp:attachment":[{"href":"https:\/\/test.pakpromet.com\/index.php\/wp-json\/wp\/v2\/media?parent=4268"}],"curies":[{"name":"wp","href":"https:\/\/api.w.org\/{rel}","templated":true}]}}