{"id":4105,"date":"2021-05-12T23:38:11","date_gmt":"2021-05-12T21:38:11","guid":{"rendered":"https:\/\/test.pakpromet.com\/?page_id=4105"},"modified":"2021-10-06T12:43:21","modified_gmt":"2021-10-06T10:43:21","slug":"sebopak-1000-01","status":"publish","type":"page","link":"https:\/\/test.pakpromet.com\/index.php\/sebopak-1000-01\/","title":{"rendered":"SEBOPAK 1000 01"},"content":{"rendered":"<p>[vc_row][vc_column][vc_column_text]<\/p>\n<h1 style=\"text-align: center;\">SEBOPAK 1000 01<\/h1>\n<p>[\/vc_column_text][vc_empty_space height=&#8221;50px&#8221;][\/vc_column][\/vc_row][vc_row][vc_column][vc_text_separator title=&#8221;NAMENA MA\u0160INE&#8221; title_align=&#8221;separator_align_left&#8221; border_width=&#8221;6&#8243; el_class=&#8221;bold&#8221;][vc_empty_space][vc_column_text]Ma\u0161ina za pakovanje SEBOPAK 1000 01 je namenjena za punjenje i zatvaranje boca od 0.1 litra, za pakovanje svih vrsta mirnih te\u010dnosti koje se koriste u mlekarskoj, hemijskoj i raznim drugim industrijama.<\/p>\n<p>Naj\u010de\u0161\u0107u primenu ova ma\u0161ina ima za pakovanje tonera odnosno pigmenata za nijansiranje unutra\u0161njih zidnih boja.[\/vc_column_text][vc_empty_space][vc_video link=&#8221;https:\/\/youtu.be\/7HemQl04Aro&#8221; el_width=&#8221;80&#8243; align=&#8221;center&#8221;][vc_empty_space][vc_text_separator title=&#8221;TEHNI\u010cKI OPIS&#8221; title_align=&#8221;separator_align_left&#8221; border_width=&#8221;6&#8243; el_class=&#8221;bold&#8221;][vc_empty_space][vc_column_text]Ma\u0161ina SEBOPAK 1000 01 je horizontalnog tipa, linijska i automatizovana, sa ru\u010dnim ulaganjem boca na transporter. Prema vrsti pogonskih elemenata ovo je pneumatsko mehani\u010dka ma\u0161ina. Kompletna ma\u0161ina je izra\u0111ena od ner\u0111aju\u0107eg \u010delika. Proces rada je elektronski upravljan. Ma\u0161ina se sastoji iz slede\u0107ih sklopova, koji u tehni\u010dkom i tehnolo\u0161kom smislu predstavljaju jedinstvenu celinu: transporter za boce, modul za doziranje, jedinica za dodavanje i nabijanje zatvara\u010da, zavijanje zatvara\u010da i datumiranje.<\/p>\n<p>Modul za doziranje je izveden kao klipni dozator sa pneumatskim pogonom i preciznom mehani\u010dkom kontrolom dozirane koli\u010dine. Usisavanje te\u010dnosti se vr\u0161i iz posude koja se nalazi pored ma\u0161ine (&#8216;sa poda&#8217;). Ventilski sistem obavlja razdvajanje taktova usisavanja i potiskivanja te\u010dnosti. Jedinica za dodavanje i nabijanje zatvara\u010da se sastoji od \u0161ar\u017eera u koji se sme\u0161taju zatvara\u010di, rotacionog dodava\u010da, kanala za vo\u0111enje poklopaca, kao i pneumatskog mehanizma za nabijanje zatvara\u010da na bocu.<\/p>\n<p>Boce prirodnim padom silaze u za to pripremljen sud.[\/vc_column_text][vc_empty_space][\/vc_column][\/vc_row][vc_row][vc_column width=&#8221;2\/3&#8243;][vc_text_separator title=&#8221;TEHNI\u010cKE KARAKTERISTIKE&#8221; i_icon_fontawesome=&#8221;fas fa-file-alt&#8221; i_color=&#8221;black&#8221; border_width=&#8221;6&#8243; css_animation=&#8221;none&#8221; add_icon=&#8221;true&#8221;][vc_column_text]<\/p>\n<table width=\"570\">\n<tbody>\n<tr>\n<td width=\"276\">&#8211; kapacitet ma\u0161ine<\/td>\n<td width=\"294\">Q = 1000 bo\u010dica \/ h<\/td>\n<\/tr>\n<tr>\n<td width=\"276\">&#8211; opseg doziranja<\/td>\n<td width=\"294\">0,1 lit<\/td>\n<\/tr>\n<tr>\n<td width=\"276\">&#8211; instalisana snaga<\/td>\n<td width=\"294\">P = 0.75 KW<\/td>\n<\/tr>\n<tr>\n<td width=\"276\">&#8211; nazivni napon<\/td>\n<td width=\"294\">U= 3 x 380 V : 50Hz<\/td>\n<\/tr>\n<tr>\n<td width=\"276\">&#8211; nazivni pritisak<\/td>\n<td width=\"294\">P = 6 &#8211; 8 bar<\/td>\n<\/tr>\n<tr>\n<td width=\"276\">&#8211; potro\u0161nja vazduha (na 6 bar-a)<\/td>\n<td width=\"294\">140 Nl \/ min<\/td>\n<\/tr>\n<tr>\n<td width=\"276\">&#8211; dimenzije ma\u0161ine D x \u0160 x V<\/td>\n<td width=\"294\">1800 x 1500 x 1600 mm<\/td>\n<\/tr>\n<tr>\n<td width=\"276\">&#8211; masa ma\u0161ine<\/td>\n<td width=\"294\">M = 390 kg<\/td>\n<\/tr>\n<\/tbody>\n<\/table>\n<p>[\/vc_column_text][\/vc_column][vc_column width=&#8221;1\/3&#8243;][vc_text_separator title=&#8221;TEHNI\u010cKA DOKUMENTACIJA&#8221; i_icon_fontawesome=&#8221;fas fa-file-pdf&#8221; i_color=&#8221;pink&#8221; border_width=&#8221;6&#8243; add_icon=&#8221;true&#8221;][vc_message message_box_color=&#8221;green&#8221; icon_fontawesome=&#8221;far fa-file-pdf&#8221;]<a href=\"https:\/\/test.pakpromet.com\/wp-content\/uploads\/2021\/05\/22.SEBOPAK-1000.pdf\" target=\"_blank\" rel=\"noopener\">Preuzmite bro\u0161uru<\/a>[\/vc_message][\/vc_column][\/vc_row][vc_row][vc_column][vc_empty_space][vc_images_carousel images=&#8221;6907,6908,6909,6910,6911,6912,6913&#8243; img_size=&#8221;full&#8221; speed=&#8221;1000&#8243; slides_per_view=&#8221;2&#8243; autoplay=&#8221;yes&#8221; hide_pagination_control=&#8221;yes&#8221; wrap=&#8221;yes&#8221;][\/vc_column][\/vc_row]<\/p>\n","protected":false},"excerpt":{"rendered":"<p>[vc_row][vc_column][vc_column_text] SEBOPAK 1000 01 [\/vc_column_text][vc_empty_space height=&#8221;50px&#8221;][\/vc_column][\/vc_row][vc_row][vc_column][vc_text_separator title=&#8221;NAMENA MA\u0160INE&#8221; title_align=&#8221;separator_align_left&#8221; border_width=&#8221;6&#8243; el_class=&#8221;bold&#8221;][vc_empty_space][vc_column_text]Ma\u0161ina za pakovanje SEBOPAK 1000 01 je namenjena za punjenje i zatvaranje boca od 0.1 litra, za pakovanje svih vrsta mirnih te\u010dnosti koje se koriste u mlekarskoj, hemijskoj i raznim drugim industrijama. Naj\u010de\u0161\u0107u primenu ova ma\u0161ina ima za pakovanje tonera odnosno pigmenata za nijansiranje unutra\u0161njih [&hellip;]<\/p>\n","protected":false},"author":1,"featured_media":0,"parent":0,"menu_order":0,"comment_status":"closed","ping_status":"closed","template":"","meta":{"footnotes":""},"class_list":["post-4105","page","type-page","status-publish","hentry","no-thumb"],"_links":{"self":[{"href":"https:\/\/test.pakpromet.com\/index.php\/wp-json\/wp\/v2\/pages\/4105","targetHints":{"allow":["GET"]}}],"collection":[{"href":"https:\/\/test.pakpromet.com\/index.php\/wp-json\/wp\/v2\/pages"}],"about":[{"href":"https:\/\/test.pakpromet.com\/index.php\/wp-json\/wp\/v2\/types\/page"}],"author":[{"embeddable":true,"href":"https:\/\/test.pakpromet.com\/index.php\/wp-json\/wp\/v2\/users\/1"}],"replies":[{"embeddable":true,"href":"https:\/\/test.pakpromet.com\/index.php\/wp-json\/wp\/v2\/comments?post=4105"}],"version-history":[{"count":11,"href":"https:\/\/test.pakpromet.com\/index.php\/wp-json\/wp\/v2\/pages\/4105\/revisions"}],"predecessor-version":[{"id":7604,"href":"https:\/\/test.pakpromet.com\/index.php\/wp-json\/wp\/v2\/pages\/4105\/revisions\/7604"}],"wp:attachment":[{"href":"https:\/\/test.pakpromet.com\/index.php\/wp-json\/wp\/v2\/media?parent=4105"}],"curies":[{"name":"wp","href":"https:\/\/api.w.org\/{rel}","templated":true}]}}