{"id":29,"date":"2017-10-31T07:43:55","date_gmt":"2017-10-31T07:43:55","guid":{"rendered":"http:\/\/demo2.drfuri.com\/manufactory\/?page_id=29"},"modified":"2021-10-07T10:49:41","modified_gmt":"2021-10-07T08:49:41","slug":"home-2","status":"publish","type":"page","link":"https:\/\/test.pakpromet.com\/","title":{"rendered":"Home 2"},"content":{"rendered":"<p>[vc_row full_width=&#8221;stretch_row_content_no_spaces&#8221;][vc_column][rev_slider_vc alias=&#8221;slider-2&#8243;][\/vc_column][\/vc_row][vc_row][vc_column]<div class=\"mf-empty-space \" style=\"\"><div class=\"mf_empty_space_lg\"  style=\"height: 80px\"><\/div><div class=\"mf_empty_space_md\"  style=\"height: 50px\"><\/div><div class=\"mf_empty_space_xs\"  style=\"height: 50px\"><\/div><\/div><div class=\"mf-section-title text-center dark large-size \"><h2 >Proizvodni program<\/h2><\/div><div class=\"mf-empty-space \" style=\"\"><div class=\"mf_empty_space_lg\"  style=\"height: 50px\"><\/div><div class=\"mf_empty_space_md\"  style=\"height: 30px\"><\/div><div class=\"mf_empty_space_xs\"  style=\"height: 30px\"><\/div><\/div>[\/vc_column][\/vc_row][vc_row][vc_column width=&#8221;1\/2&#8243;]<div class=\"mf-services-2 icon_type-fontawesome style-1 \"><div class=\"service-thumbnail\"><a href=\"https:\/\/test.pakpromet.com\/index.php\/boce\/\"><span class=\"service-icon\"><i class=\"fa fa-link\"><\/i><\/span><img loading=\"lazy\" decoding=\"async\" class=\"\" src=\"https:\/\/test.pakpromet.com\/wp-content\/uploads\/2021\/09\/boce-puna-1.jpg\" width=\"570\" height=\"300\" alt=\"boce-puna-1\" title=\"boce-puna-1\" \/><span class=\"mf-icon\"><i class=\"fas fa-wine-bottle\"><\/i><\/span><\/a><\/div><div class=\"service-summary\"><h4><a href=\"https:\/\/test.pakpromet.com\/index.php\/boce\/\" title=\"Pro\u010ditajte vi\u0161e ...\">Boce<\/a><\/h4><div class=\"service-desc\">Linije za punjenje, etiketiranje i zbirno pakovanje boca.<\/div><a href=\"https:\/\/test.pakpromet.com\/index.php\/boce\/\" title=\"Pro\u010ditajte vi\u0161e ...\" class=\"btn-service-2\">Pro\u010ditajte vi\u0161e ...<i class=\"fa fa-chevron-right\"><\/i><\/a><\/div><\/div><div class=\"mf-empty-space \" style=\"\"><div class=\"mf_empty_space_lg\"  style=\"height: 70px\"><\/div><div class=\"mf_empty_space_md\"  style=\"height: 45px\"><\/div><div class=\"mf_empty_space_xs\"  style=\"height: 30px\"><\/div><\/div>[\/vc_column][vc_column width=&#8221;1\/2&#8243;]<div class=\"mf-services-2 icon_type-fontawesome style-1 \"><div class=\"service-thumbnail\"><a href=\"https:\/\/test.pakpromet.com\/index.php\/case-i-posude\/\"><span class=\"service-icon\"><i class=\"fa fa-link\"><\/i><\/span><img loading=\"lazy\" decoding=\"async\" class=\"\" src=\"https:\/\/test.pakpromet.com\/wp-content\/uploads\/2021\/09\/case-i-posude-okvir.jpg\" width=\"570\" height=\"300\" alt=\"case-i-posude-okvir\" title=\"case-i-posude-okvir\" \/><span class=\"mf-icon\"><i class=\"fas fa-glass-whiskey\"><\/i><\/span><\/a><\/div><div class=\"service-summary\"><h4><a href=\"https:\/\/test.pakpromet.com\/index.php\/case-i-posude\/\" title=\"Pro\u010ditajte vi\u0161e ...\">\u010ca\u0161e i posude<\/a><\/h4><div class=\"service-desc\">Ma\u0161ine za punjenje I zatvaranje proizvoda u \u010da\u0161e i posude.<\/div><a href=\"https:\/\/test.pakpromet.com\/index.php\/case-i-posude\/\" title=\"Pro\u010ditajte vi\u0161e ...\" class=\"btn-service-2\">Pro\u010ditajte vi\u0161e ...<i class=\"fa fa-chevron-right\"><\/i><\/a><\/div><\/div><div class=\"mf-empty-space \" style=\"\"><div class=\"mf_empty_space_lg\"  style=\"height: 70px\"><\/div><div class=\"mf_empty_space_md\"  style=\"height: 45px\"><\/div><div class=\"mf_empty_space_xs\"  style=\"height: 30px\"><\/div><\/div>[\/vc_column][\/vc_row][vc_row][vc_column width=&#8221;1\/2&#8243;]<div class=\"mf-services-2 icon_type-fontawesome style-1 \"><div class=\"service-thumbnail\"><a href=\"https:\/\/test.pakpromet.com\/index.php\/termoforming-masine\/\"><span class=\"service-icon\"><i class=\"fa fa-link\"><\/i><\/span><img loading=\"lazy\" decoding=\"async\" class=\"\" src=\"https:\/\/test.pakpromet.com\/wp-content\/uploads\/2021\/09\/termoformin-puna-1.jpg\" width=\"570\" height=\"300\" alt=\"termoformin-puna-1\" title=\"termoformin-puna-1\" \/><span class=\"mf-icon\"><i class=\"fas fa-qrcode\"><\/i><\/span><\/a><\/div><div class=\"service-summary\"><h4><a href=\"https:\/\/test.pakpromet.com\/index.php\/termoforming-masine\/\" title=\"Pro\u010ditajte vi\u0161e ...\">Termoforming ma\u0161ine<\/a><\/h4><div class=\"service-desc\">Ma\u0161ine za formiranje, doziranje, zatvaranje I odsecanje PP posuda.<\/div><a href=\"https:\/\/test.pakpromet.com\/index.php\/termoforming-masine\/\" title=\"Pro\u010ditajte vi\u0161e ...\" class=\"btn-service-2\">Pro\u010ditajte vi\u0161e ...<i class=\"fa fa-chevron-right\"><\/i><\/a><\/div><\/div><div class=\"mf-empty-space \" style=\"\"><div class=\"mf_empty_space_lg\"  style=\"height: 70px\"><\/div><div class=\"mf_empty_space_md\"  style=\"height: 45px\"><\/div><div class=\"mf_empty_space_xs\"  style=\"height: 30px\"><\/div><\/div>[\/vc_column][vc_column width=&#8221;1\/2&#8243;]<div class=\"mf-services-2 icon_type-flaticon style-1 \"><div class=\"service-thumbnail\"><a href=\"https:\/\/test.pakpromet.com\/index.php\/poluautomatske-masine\/\"><span class=\"service-icon\"><i class=\"fa fa-link\"><\/i><\/span><img loading=\"lazy\" decoding=\"async\" class=\"\" src=\"https:\/\/test.pakpromet.com\/wp-content\/uploads\/2021\/07\/poluautomatske-masine-sivo.jpg\" width=\"570\" height=\"300\" alt=\"poluautomatske-masine-sivo\" title=\"poluautomatske-masine-sivo\" \/><span class=\"mf-icon\"><i class=\"flaticon-technology-1\"><\/i><\/span><\/a><\/div><div class=\"service-summary\"><h4><a href=\"https:\/\/test.pakpromet.com\/index.php\/poluautomatske-masine\/\" title=\"Pro\u010ditajte vi\u0161e ...\">Poluautomatske ma\u0161ine<\/a><\/h4><div class=\"service-desc\">Poluautomatske ma\u0161ine za pakovanje.<\/div><a href=\"https:\/\/test.pakpromet.com\/index.php\/poluautomatske-masine\/\" title=\"Pro\u010ditajte vi\u0161e ...\" class=\"btn-service-2\">Pro\u010ditajte vi\u0161e ...<i class=\"fa fa-chevron-right\"><\/i><\/a><\/div><\/div><div class=\"mf-empty-space \" style=\"\"><div class=\"mf_empty_space_lg\"  style=\"height: 70px\"><\/div><div class=\"mf_empty_space_md\"  style=\"height: 45px\"><\/div><div class=\"mf_empty_space_xs\"  style=\"height: 30px\"><\/div><\/div>[\/vc_column][\/vc_row][vc_row full_width=&#8221;stretch_row_content_no_spaces&#8221; equal_height=&#8221;yes&#8221; content_placement=&#8221;middle&#8221; enable_parallax=&#8221;yes&#8221; css=&#8221;.vc_custom_1580716428011{background-color: #111111 !important;}&#8221;][vc_column offset=&#8221;vc_col-lg-4 vc_col-md-4&#8243;]<div class=\"mf-video-banner \" style=\"min-height:500px; background-image:url(https:\/\/test.pakpromet.com\/wp-content\/uploads\/2021\/09\/zgrada-za-video.jpg);\">\r\n\t\t\t\t<div class=\"mf-video-content\">\r\n\t\t\t\t\t<a href=\"#\" data-href=\"&lt;div class=&quot;mf-wrapper&quot;&gt;&lt;div class=&quot;mf-video-wrapper&quot;&gt;&lt;iframe title=&quot;PAK PROMET&quot; width=&quot;1024&quot; height=&quot;576&quot; src=&quot;https:\/\/www.youtube.com\/embed\/VnN03tDY2lY?feature=oembed&quot; frameborder=&quot;0&quot; allow=&quot;accelerometer; autoplay; clipboard-write; encrypted-media; gyroscope; picture-in-picture; web-share&quot; referrerpolicy=&quot;strict-origin-when-cross-origin&quot; allowfullscreen&gt;&lt;\/iframe&gt;&lt;\/div&gt;&lt;\/div&gt;\" class=\"photoswipe\"><span class=\"video-play\"><img decoding=\"async\" src=\"https:\/\/test.pakpromet.com\/wp-content\/plugins\/induscity-vc-addons\/images\/play-icon.png\" alt=\"\"><\/span><\/a>\r\n\t\t\t\t\t\r\n\t\t\t\t<\/div>\r\n\t\t\t<\/div><div class=\"mf-empty-space \" style=\"\"><div class=\"mf_empty_space_lg\" ><\/div><div class=\"mf_empty_space_md\" ><\/div><div class=\"mf_empty_space_xs\"  style=\"height: 30px\"><\/div><\/div>[\/vc_column][vc_column css=&#8221;.vc_custom_1510646851168{padding-right: 75px !important;padding-left: 75px !important;}&#8221; offset=&#8221;vc_col-lg-8 vc_col-md-8&#8243; el_class=&#8221;mf-padding-el&#8221;][vc_column_text css_animation=&#8221;none&#8221; el_class=&#8221;italic&#8221;]<\/p>\n<h2><strong>Iz proizvodnog programa<\/strong><\/h2>\n<p>[\/vc_column_text][vc_separator color=&#8221;orange&#8221; align=&#8221;align_left&#8221; border_width=&#8221;3&#8243; el_width=&#8221;20&#8243;][vc_empty_space][vc_images_carousel images=&#8221;7477,7479,7481,7483,7485,7487,7490,7492,7494,7495,7496,7497,7498,7499,7500,7501,7502,7503,7504,7505,7506,7507,7508,7509,7510,7511,7512,7513,7514,7515,7516,7517,7518,7519,7520,7521,7522,7523,7524,7525,7526,7527,7528,7529,7530,7531,7532,7533,7534,7535,7536,7537,7538,7539,7540,7541,7542,7543,7544,7545,7546,7547,7548,7549,7550&#8243; img_size=&#8221;full&#8221; speed=&#8221;1500&#8243; slides_per_view=&#8221;2&#8243; autoplay=&#8221;yes&#8221; hide_pagination_control=&#8221;yes&#8221; hide_prev_next_buttons=&#8221;yes&#8221; wrap=&#8221;yes&#8221;][vc_empty_space height=&#8221;50px&#8221;][\/vc_column][\/vc_row][vc_row disable_element=&#8221;yes&#8221; css=&#8221;.vc_custom_1632599763922{background-color: #f2f2f2 !important;}&#8221;][vc_column]<div class=\"mf-empty-space \" style=\"\"><div class=\"mf_empty_space_lg\"  style=\"height: 80px\"><\/div><div class=\"mf_empty_space_md\"  style=\"height: 50px\"><\/div><div class=\"mf_empty_space_xs\"  style=\"height: 50px\"><\/div><\/div><div class=\"mf-section-title text-center dark large-size \"><h2 >Prijavite se na na\u0161 bilten<\/h2><\/div><div class=\"mf-empty-space \" style=\"\"><div class=\"mf_empty_space_lg\"  style=\"height: 30px\"><\/div><div class=\"mf_empty_space_md\"  style=\"height: 30px\"><\/div><div class=\"mf_empty_space_xs\"  style=\"height: 30px\"><\/div><\/div>[vc_column_text]<\/p>\n<div class=\"text-center\" style=\"font-size: 18px;\">Prijavite se odmah i primajte najnovijim informacije o novim ma\u0161inama, projektima i uslugama.<\/div>\n<p>[\/vc_column_text]<div class=\"mf-empty-space \" style=\"\"><div class=\"mf_empty_space_lg\"  style=\"height: 30px\"><\/div><div class=\"mf_empty_space_md\"  style=\"height: 30px\"><\/div><div class=\"mf_empty_space_xs\"  style=\"height: 30px\"><\/div><\/div>[\/vc_column][\/vc_row][vc_row disable_element=&#8221;yes&#8221; css=&#8221;.vc_custom_1632599813936{margin-top: -78px !important;}&#8221;][vc_column]<div class=\"mf-newletter \"><div class=\"form-area\"><script>(function() {\n\twindow.mc4wp = window.mc4wp || {\n\t\tlisteners: [],\n\t\tforms: {\n\t\t\ton: function(evt, cb) {\n\t\t\t\twindow.mc4wp.listeners.push(\n\t\t\t\t\t{\n\t\t\t\t\t\tevent   : evt,\n\t\t\t\t\t\tcallback: cb\n\t\t\t\t\t}\n\t\t\t\t);\n\t\t\t}\n\t\t}\n\t}\n})();\n<\/script><!-- Mailchimp for WordPress v4.8.6 - https:\/\/wordpress.org\/plugins\/mailchimp-for-wp\/ --><form id=\"mc4wp-form-1\" class=\"mc4wp-form mc4wp-form-3168\" method=\"post\" data-id=\"3168\" data-name=\"Subscribe\" ><div class=\"mc4wp-form-fields\"><p class=\"field name\">\r\n\t<input type=\"text\" name=\"NAME\" placeholder=\"Ime i prezime\" required \/>\r\n<\/p>\r\n<p class=\"field email\">\r\n\t<input type=\"email\" name=\"EMAIL\" placeholder=\"Va\u0161a email adresa\" required \/>\r\n<\/p>\r\n\r\n<p class=\"field submit\">\r\n  <input class=\"mf-btn\" type=\"submit\" value=\"Po\u0161alji\" \/>\r\n<\/p>\r\n<\/div><label style=\"display: none !important;\">Leave this field empty if you're human: <input type=\"text\" name=\"_mc4wp_honeypot\" value=\"\" tabindex=\"-1\" autocomplete=\"off\" \/><\/label><input type=\"hidden\" name=\"_mc4wp_timestamp\" value=\"1778411467\" \/><input type=\"hidden\" name=\"_mc4wp_form_id\" value=\"3168\" \/><input type=\"hidden\" name=\"_mc4wp_form_element_id\" value=\"mc4wp-form-1\" \/><div class=\"mc4wp-response\"><\/div><\/form><!-- \/ Mailchimp for WordPress Plugin --><\/div><\/div>[\/vc_column][\/vc_row][vc_row full_width=&#8221;stretch_row_content_no_spaces&#8221;][vc_column]<div class=\"mf-empty-space \" style=\"\"><div class=\"mf_empty_space_lg\"  style=\"height: 80px\"><\/div><div class=\"mf_empty_space_md\"  style=\"height: 50px\"><\/div><div class=\"mf_empty_space_xs\"  style=\"height: 50px\"><\/div><\/div>[vc_images_carousel images=&#8221;6158,6159,6160,6161,6162,6163,6164,6165,6167,6166,6168,6169,6170,6171,6173,6172,6174,6175,6176,6177,6178,6180,6179,6181,6182,6183,6184,6185,6186,6187,6188,6189,6191,6190,6200,6201,6199,6198,6197,6196,6195,6194,6193,6192,6202,6203,6204,6205,6206,6207,6209,6208,6210,6211,6212,6213,6215,6214,6216,6217,6218,6219,6221,6220,6231,6230,6229,6228,6227,6226,6225,6224,6223,6222,6232,6234,6233,6235,6236,6237,6238,6239,6240,6241,6242,6243,6244,6245,6246,6251,6269,6270,7623,7622,7621,7620&#8243; img_size=&#8221;full&#8221; speed=&#8221;100&#8243; slides_per_view=&#8221;10&#8243; autoplay=&#8221;yes&#8221; hide_pagination_control=&#8221;yes&#8221; hide_prev_next_buttons=&#8221;yes&#8221; wrap=&#8221;yes&#8221;]<div class=\"mf-empty-space \" style=\"\"><div class=\"mf_empty_space_lg\"  style=\"height: 80px\"><\/div><div class=\"mf_empty_space_md\"  style=\"height: 50px\"><\/div><div class=\"mf_empty_space_xs\"  style=\"height: 50px\"><\/div><\/div>[\/vc_column][\/vc_row]<\/p>\n","protected":false},"excerpt":{"rendered":"<p>[vc_row full_width=&#8221;stretch_row_content_no_spaces&#8221;][vc_column][rev_slider_vc alias=&#8221;slider-2&#8243;][\/vc_column][\/vc_row][vc_row][vc_column][\/vc_column][\/vc_row][vc_row][vc_column width=&#8221;1\/2&#8243;][\/vc_column][vc_column width=&#8221;1\/2&#8243;][\/vc_column][\/vc_row][vc_row][vc_column width=&#8221;1\/2&#8243;][\/vc_column][vc_column width=&#8221;1\/2&#8243;][\/vc_column][\/vc_row][vc_row full_width=&#8221;stretch_row_content_no_spaces&#8221; equal_height=&#8221;yes&#8221; content_placement=&#8221;middle&#8221; enable_parallax=&#8221;yes&#8221; css=&#8221;.vc_custom_1580716428011{background-color: #111111 !important;}&#8221;][vc_column offset=&#8221;vc_col-lg-4 vc_col-md-4&#8243;][\/vc_column][vc_column css=&#8221;.vc_custom_1510646851168{padding-right: 75px !important;padding-left: 75px !important;}&#8221; offset=&#8221;vc_col-lg-8 vc_col-md-8&#8243; el_class=&#8221;mf-padding-el&#8221;][vc_column_text css_animation=&#8221;none&#8221; el_class=&#8221;italic&#8221;] Iz proizvodnog programa [\/vc_column_text][vc_separator color=&#8221;orange&#8221; align=&#8221;align_left&#8221; border_width=&#8221;3&#8243; el_width=&#8221;20&#8243;][vc_empty_space][vc_images_carousel images=&#8221;7477,7479,7481,7483,7485,7487,7490,7492,7494,7495,7496,7497,7498,7499,7500,7501,7502,7503,7504,7505,7506,7507,7508,7509,7510,7511,7512,7513,7514,7515,7516,7517,7518,7519,7520,7521,7522,7523,7524,7525,7526,7527,7528,7529,7530,7531,7532,7533,7534,7535,7536,7537,7538,7539,7540,7541,7542,7543,7544,7545,7546,7547,7548,7549,7550&#8243; img_size=&#8221;full&#8221; speed=&#8221;1500&#8243; slides_per_view=&#8221;2&#8243; autoplay=&#8221;yes&#8221; hide_pagination_control=&#8221;yes&#8221; hide_prev_next_buttons=&#8221;yes&#8221; wrap=&#8221;yes&#8221;][vc_empty_space height=&#8221;50px&#8221;][\/vc_column][\/vc_row][vc_row disable_element=&#8221;yes&#8221; css=&#8221;.vc_custom_1632599763922{background-color: #f2f2f2 !important;}&#8221;][vc_column][vc_column_text] Prijavite se odmah i primajte najnovijim informacije o [&hellip;]<\/p>\n","protected":false},"author":1,"featured_media":0,"parent":0,"menu_order":0,"comment_status":"closed","ping_status":"closed","template":"template-homepage.php","meta":{"footnotes":""},"class_list":["post-29","page","type-page","status-publish","hentry","no-thumb"],"_links":{"self":[{"href":"https:\/\/test.pakpromet.com\/index.php\/wp-json\/wp\/v2\/pages\/29","targetHints":{"allow":["GET"]}}],"collection":[{"href":"https:\/\/test.pakpromet.com\/index.php\/wp-json\/wp\/v2\/pages"}],"about":[{"href":"https:\/\/test.pakpromet.com\/index.php\/wp-json\/wp\/v2\/types\/page"}],"author":[{"embeddable":true,"href":"https:\/\/test.pakpromet.com\/index.php\/wp-json\/wp\/v2\/users\/1"}],"replies":[{"embeddable":true,"href":"https:\/\/test.pakpromet.com\/index.php\/wp-json\/wp\/v2\/comments?post=29"}],"version-history":[{"count":208,"href":"https:\/\/test.pakpromet.com\/index.php\/wp-json\/wp\/v2\/pages\/29\/revisions"}],"predecessor-version":[{"id":7628,"href":"https:\/\/test.pakpromet.com\/index.php\/wp-json\/wp\/v2\/pages\/29\/revisions\/7628"}],"wp:attachment":[{"href":"https:\/\/test.pakpromet.com\/index.php\/wp-json\/wp\/v2\/media?parent=29"}],"curies":[{"name":"wp","href":"https:\/\/api.w.org\/{rel}","templated":true}]}}